remainder when 2349 is divided by 1170.
9
Calculate the remainder when 7583 is divided by 635.
598
Calculate the remainder when 165955 is divided by 417.
406
What is the remainder when 284091 is divided by 8?
3
What is the remainder when 59130 is divided by 19706?
12
What is the remainder when 5199 is divided by 522?
501
What is the remainder when 14482 is divided by 71?
69
What is the remainder when 115006 is divided by 101?
68
Calculate the remainder when 396945 is divided by 921.
915
Calculate the remainder when 2322 is divided by 541.
158
What is the remainder when 23898 is divided by 41?
36
What is the remainder when 24617 is divided by 20?
17
What is the remainder when 11913485 is divided by 93?
92
What is the remainder when 99454 is divided by 434?
68
Calculate the remainder when 13271 is divided by 271.
263
Calculate the remainder when 31261 is divided by 745.
716
Calculate the remainder when 34402 is divided by 3822.
4
What is the remainder when 4632 is divided by 221?
212
Calculate the remainder when 78119 is divided by 20.
19
Calculate the remainder when 2622 is divided by 292.
286
What is the remainder when 437 is divided by 94?
61
Calculate the remainder when 2734 is divided by 144.
142
What is the remainder when 2685 is divided by 9?
3
What is the remainder when 494445 is divided by 983?
979
What is the remainder when 2091 is divided by 73?
47
Calculate the remainder when 420975 is divided by 1871.
0
What is the remainder when 137988 is divided by 6899?
8
Calculate the remainder when 181436 is divided by 840.
836
What is the remainder when 121 is divided by 56?
9
Calculate the remainder when 82121 is divided by 42.
11
What is the remainder when 18864 is divided by 34?
28
What is the remainder when 77940 is divided by 237?
204
What is the remainder when 777 is divided by 254?
15
What is the remainder when 6590 is divided by 253?
12
Calculate the remainder when 43487 is divided by 50.
37
Calculate the remainder when 32324 is divided by 16161.
2
Calculate the remainder when 2283058 is divided by 383.
378
Calculate the remainder when 420571 is divided by 9.
1
Calculate the remainder when 680747 is divided by 16.
11
What is the remainder when 336046 is divided by 128?
46
Calculate the remainder when 6971 is divided by 291.
278
Calculate the remainder when 77207 is divided by 199.
194
What is the remainder when 3455 is divided by 699?
659
Calculate the remainder when 4617 is divided by 908.
77
Calculate the remainder when 70639 is divided by 1009.
9
What is the remainder when 14844 is divided by 1208?
348
Calculate the remainder when 123652 is divided by 24721.
47
What is the remainder when 336137 is divided by 39?
35
Calculate the remainder when 2863377 is divided by 260.
257
What is the remainder when 7415 is divided by 66?
23
Calculate the remainder when 2125 is divided by 1900.
225
Calculate the remainder when 41275 is divided by 469.
3
Calculate the remainder when 1659237 is divided by 12.
9
What is the remainder when 257534 is divided by 25?
9
Calculate the remainder when 121778 is divided by 246.
8
Calculate the remainder when 871075 is divided by 46.
19
What is the remainder when 33743 is divided by 42?
17
What is the remainder when 29693 is divided by 128?
125
Calculate the remainder when 29166 is divided by 540.
6
Calculate the remainder when 2932 is divided by 264.
28
What is the remainder when 268450 is divided by 155?
145
What is the remainder when 4009 is divided by 21?
19
Calculate the remainder when 668 is divided by 48.
44
What is the remainder when 5364 is divided by 32?
20
What is the remainder when 2360 is divided by 306?
218
Calculate the remainder when 9044 is divided by 647.
633
Calculate the remainder when 23627 is divided by 656.
11
Calculate the remainder when 450323 is divided by 4595.
13
What is the remainder when 20539 is divided by 3416?
43
Calculate the remainder when 7653 is divided by 877.
637
Calculate the remainder when 4335 is divided by 356.
63
What is the remainder when 13690 is divided by 526?
14
Calculate the remainder when 2953 is divided by 258.
115
What is the remainder when 10678 is divided by 2013?
613
Calculate the remainder when 67106 is divided by 274.
250
What is the remainder when 3454683 is divided by 354?
351
What is the remainder when 657434 is divided by 276?
2
What is the remainder when 814801 is divided by 8?
1
What is the remainder when 558 is divided by 141?
135
What is the remainder when 492390 is divided by 1797?
12
What is the remainder when 2787883 is divided by 964?
959
Calculate the remainder when 11020 is divided by 611.
22
Calculate the remainder when 1635197 is divided by 853.
849
What is the remainder when 86304 is divided by 313?
229
What is the remainder when 12678 is divided by 6331?
16
What is the remainder when 3020399 is divided by 20?
19
What is the remainder when 17147 is divided by 5453?
788
What is the remainder when 4006 is divided by 103?
92
What is the remainder when 2102307 is divided by 26?
25
What is the remainder when 622 is divided by 271?
80
What is the remainder when 8604 is divided by 171?
54
Calculate the remainder when 93550 is divided by 1670.
30
Calculate the remainder when 535986 is divided by 1112.
2
What is the remainder when 2022 is divided by 117?
33
What is the remainder when 1552 is divided by 543?
466
What is the remainder when 12802 is divided by 798?
34
What is the remainder when 117635 is divided by 39206?
17
What is the remainder when 16761 is divided by 381?
378
Calculate the remainder when 5481 is divided by 10.
1
Calculate the remainder when 3839 is divided by 276.
251
What is the remainder when 59719 is divided by 28?
23
What is the remainder when 6137 is divided by 40?
17
Calculate the remainder when 3161 is divided by 176.
169
Calculate the remainder when 79 is divided by 65.
14
Calculate the remainder when 15366 is divided by 127.
126
Calculate the remainder when 835387 is divided by 695.
692
Calculate the remainder when 3883 is divided by 354.
343
Calculate the remainder when 55906 is divided by 9315.
16
What is the remainder when 441 is divided by 236?
205
What is the remainder when 27847 is divided by 192?
7
Calculate the remainder when 54900 is divided by 58.
32
Calculate the remainder when 265997 is divided by 50.
47
What is the remainder when 712144 is divided by 23?
18
Calculate the remainder when 9051 is divided by 80.
11
Calculate the remainder when 76154 is divided by 401.
365
Calculate the remainder when 15526 is divided by 2207.
77
Calculate the remainder when 268 is divided by 204.
64
What is the remainder when 17988 is divided by 183?
54
What is the remainder when 1743737 is divided by 7?
2
What is the remainder when 4430 is divided by 185?
175
What is the remainder when 7620 is divided by 2521?
57
Calculate the remainder when 2549 is divided by 846.
11
What is the remainder when 909 is divided by 813?
96
What is the remainder when 571898 is divided by 1505?
1503
What is the remainder when 468157 is divided by 448?
445
What is the remainder when 37286 is divided by 565?
561
What is the remainder when 5389 is divided by 896?
13
What is the remainder when 1324797 is divided by 90?
87
Calculate the remainder when 112909 is divided by 279.
193
Calculate the remainder when 97219 is divided by 76.
15
Calculate the remainder when 2359 is divided by 30.
19
Calculate the remainder when 8402 is divided by 1398.
14
What is the remainder when 42394 is divided by 606?
580
Calculate the remainder when 5367 is divided by 463.
274
What is the remainder when 13417 is divided by 355?
282
What is the remainder when 750516 is divided by 63?
60
Calculate the remainder when 3746478 is divided by 421.
420
What is the remainder when 22432 is divided by 2491?
13
Calculate the remainder when 16605 is divided by 2762.
33
What is the remainder when 1812 is divided by 172?
92
Calculate the remainder when 126597 is divided by 3.
0
Calculate the remainder when 50582 is divided by 10.
2
Calculate the remainder when 76977 is divided by 192.
177
Calculate the remainder when 3920 is divided by 42.
14
What is the remainder when 6095 is divided by 5998?
97
What is the remainder when 7777 is divided by 117?
55
What is the remainder when 46482 i